{"id":1951,"date":"2015-11-21T19:39:35","date_gmt":"2015-11-21T18:39:35","guid":{"rendered":"http:\/\/www.astronom.cz\/horalek\/?page_id=1951"},"modified":"2026-01-26T16:41:00","modified_gmt":"2026-01-26T15:41:00","slug":"fotograficky-workshop","status":"publish","type":"page","link":"https:\/\/www.petrhoralek.com\/?page_id=1951","title":{"rendered":"Fotografick\u00fd kurz: Krajin\u00e1\u0159sk\u00e1 astrofotografie \/ Photography Workshop"},"content":{"rendered":"<h3>English<\/h3>\n<p><img decoding=\"async\" style=\"margin: 5px 20px; border: 5px solid grey;\" src=\"http:\/\/www.petrhoralek.com\/wp-content\/uploads\/2020\/01\/fin_Workshop_350px.png\" alt=\"\" width=\"385\" height=\"249\" align=\"right\" hspace=\"20\" vspace=\"5\" \/>Would you like to know how my photographs are taken and processed? How to capture a meteor shower? What is the best way to capture a comet in the sky? How to get amazing solar eclipse photograph? How to correctly process nightscape with the Milky Way? Or how to be prepared for unique sky phenomenon? <\/p>\n<p>I also offer individual online workshops focused (not only) on these topics. If you are interested, please, contact me via <strong><font style=\"color: #03a9f4\">horalek.peter@gmail.com<\/font><\/strong>. <\/p>\n<h3>\u010cesky<\/h3>\n<p>Fotografick\u00fd workshop je zam\u011b\u0159en\u00fd na <strong>panoramatickou no\u010dn\u00ed fotografii a krajin\u00e1\u0159skou astrofotografii<\/strong> s Ml\u00e9\u010dnou dr\u00e1hou, souhv\u011bzd\u00edmi, zv\u00ed\u0159etn\u00edkov\u00fdm sv\u011btlem, p\u0159irozen\u00fdm z\u00e1\u0159en\u00edm atmosf\u00e9ry (airglow), p\u0159elety dru\u017eic, meteor\u016f a meteorick\u00fdch roj\u016f. Sou\u010d\u00e1st\u00ed programu je ale p\u0159edev\u0161\u00edm uk\u00e1zka fotografov\u00e1n\u00ed a \u00faprava panoramatick\u00fdch sn\u00edmk\u016f nebo jin\u00e9 metody zpracov\u00e1n\u00ed krajin\u00e1\u0159sk\u00e9 astrofotografie. V r\u00e1mci workshopu obdr\u017e\u00ed \u00fa\u010dastn\u00edci manu\u00e1l se z\u00e1kladn\u00edmi postupy pro fotografov\u00e1n\u00ed hv\u011bzdn\u00e9 oblohy a n\u00e1sledn\u00e9 zpracov\u00e1n\u00ed, kter\u00fd bude jako tutori\u00e1l vyu\u017e\u00edv\u00e1n v pr\u016fb\u011bhu workshopu. Tutori\u00e1l obsahuje zevrubn\u00e9 informace o konkr\u00e9tn\u00edch kroc\u00edch \u00faprav p\u0159i pr\u00e1ci v Adobe Photoshop, Adobe Lightroom, PTGui, Startrails, Deep Sky Stacker a Registar. N\u011bkter\u00e9 programy lze na workshopu vyu\u017eit v trialov\u00e9 verzi, jin\u00e9 budou za obdob\u00ed kurzu poskytnuty. N\u011bkter\u00e9 workshopy jsou vesm\u011bs teoretick\u00e9 (jsou ve m\u011bstech, na focen\u00ed zde nejsou podm\u00ednky, data na zpracov\u00e1n\u00ed budou dod\u00e1na), jin\u00e9 jsou zam\u011b\u0159eny i na praktickou v\u00fduku v ter\u00e9nu (nap\u0159\u00edklad na Se\u010di \u010di v Beskydech pod tmav\u00fdm nebem na Gruni, pochopiteln\u011b s ohledem na po\u010das\u00ed).<\/p>\n<p>Samoz\u0159ejm\u011b nab\u00edz\u00edm i individu\u00e1ln\u00ed kurzy, a\u0165 u\u017e online nebo osobn\u00ed, jejich n\u00e1pl\u0148 je pochopiteln\u011b z\u00e1visl\u00e1 na pot\u0159eb\u00e1ch z\u00e1jemce &#8211; od \u00fapln\u00fdch za\u010d\u00e1te\u010dn\u00edk\u016f a\u017e po v\u00fdrazn\u011b pokro\u010dil\u00e9. Term\u00edn, m\u00edsto a cena dohodou. Mimo to m\u016f\u017eete tak\u00e9 z\u00edskat pln\u00fd p\u0159\u00edstup k m\u00e9mu online kurzu o tom, <a href=\"https:\/\/www.petrhoralek.com\/?page_id=25989\">jak neprop\u00e1snout pol\u00e1rn\u00ed z\u00e1\u0159e<\/a>. Pokud m\u00e1te z\u00e1jem, kontaktujte mne na <strong><font style=\"color: #03a9f4\">horalek.peter@gmail.com<\/font><\/strong>. <\/p>\n<h3>Nejbli\u017e\u0161\u00ed workshopy<\/h3>\n<p><div class=\"supsystic-table-loader spinner\"style=\"background-color:#000000\"><\/div><div id=\"supsystic-table-8_67270\" class=\"supsystic-tables-wrap \" style=\" width:100%; visibility: hidden; \" data-table-width-fixed=\"100%\" data-table-width-mobile=\"100%\" ><table id=\"supsystic-table-8\" class=\"supsystic-table border lightboxImg cell-border\" data-id=\"8\" data-view-id=\"8_67270\" data-title=\"Cenik - Workshopy\" data-currency-format=\"$1,000.00\" data-percent-format=\"10.00%\" data-date-format=\"DD.MM.YYYY\" data-time-format=\"HH:mm\" data-features=\"[&quot;after_table_loaded_script&quot;]\" data-search-value=\"\" data-lightbox-img=\"\" data-head-rows-count=\"1\" data-pagination-length=\"50,100,All\" data-auto-index=\"off\" data-searching-settings=\"{&quot;columnSearchPosition&quot;:&quot;bottom&quot;,&quot;minChars&quot;:&quot;0&quot;}\" data-lang=\"default\" data-override=\"{&quot;emptyTable&quot;:&quot;&quot;,&quot;info&quot;:&quot;&quot;,&quot;infoEmpty&quot;:&quot;&quot;,&quot;infoFiltered&quot;:&quot;&quot;,&quot;lengthMenu&quot;:&quot;&quot;,&quot;search&quot;:&quot;&quot;,&quot;previous&quot;:&quot;&quot;,&quot;next&quot;:&quot;&quot;,&quot;zeroRecords&quot;:&quot;&quot;,&quot;exportLabel&quot;:&quot;&quot;,&quot;file&quot;:&quot;default&quot;}\" data-merged=\"[]\" data-responsive-mode=\"0\" data-from-history=\"0\" ><thead><tr><th class=\"\" style=\"width:; padding: 0 !important;\"><\/th><th class=\"\" style=\"width:; padding: 0 !important;\"><\/th><th class=\"\" style=\"width:; padding: 0 !important;\"><\/th><th class=\"\" style=\"width:; padding: 0 !important;\"><\/th><\/tr><\/thead><tbody><tr style=\"height:px\" ><td data-cell-id=\"A1\" data-x=\"0\" data-y=\"1\" data-db-index=\"1\" class=\"bold\" data-cell-type=\"text\" data-original-value=\"Datum (odkaz na dal\u0161\u00ed info)\" data-order=\"Datum (odkaz na dal\u0161\u00ed info)\" style=\"min-width:21.5385%; \" >Datum (odkaz na dal\u0161\u00ed info) <\/td><td data-cell-id=\"B1\" data-x=\"1\" data-y=\"1\" data-db-index=\"1\" class=\"bold\" data-cell-type=\"text\" data-original-value=\"M\u00edsto\" data-order=\"M\u00edsto\" style=\"min-width:44.1026%; \" >M\u00edsto <\/td><td data-cell-id=\"C1\" data-x=\"2\" data-y=\"1\" data-db-index=\"1\" class=\"htRight bold\" data-cell-type=\"text\" data-original-value=\"Voln\u00e1 m\u00edsta\" data-order=\"Voln\u00e1 m\u00edsta\" style=\"min-width:12.8205%; \" >Voln\u00e1 m\u00edsta <\/td><td data-cell-id=\"D1\" data-x=\"3\" data-y=\"1\" data-db-index=\"1\" class=\"htCenter bold\" data-cell-type=\"text\" data-original-value=\"Celkov\u00e1 cena v\u010d. DPH\" data-order=\"Celkov\u00e1 cena v\u010d. DPH\" style=\"min-width:21.5385%; \" >Celkov\u00e1 cena v\u010d. DPH <\/td><\/tr><tr style=\"height:px\" ><td data-cell-id=\"A2\" data-x=\"0\" data-y=\"2\" data-db-index=\"2\" class=\"unescapeHTML\" data-cell-type=\"text\" data-original-value=\"&lt;a href=&quot;https:\/\/www.petrhoralek.com\/?page_id=25989&quot;&gt;Kdykoliv&lt;\/a&gt;\" data-order=\"&lt;a href=&quot;https:\/\/www.petrhoralek.com\/?page_id=25989&quot;&gt;Kdykoliv&lt;\/a&gt;\" ><a href=\"https:\/\/www.petrhoralek.com\/?page_id=25989\">Kdykoliv<\/a><\/td><td data-cell-id=\"B2\" data-x=\"1\" data-y=\"2\" data-db-index=\"2\" class=\"\" data-cell-type=\"text\" data-original-value=\"Videon\u00e1vod: Jak neprop\u00e1snout pol\u00e1rn\u00ed z\u00e1\u0159i?\" data-order=\"Videon\u00e1vod: Jak neprop\u00e1snout pol\u00e1rn\u00ed z\u00e1\u0159i?\" >Videon\u00e1vod: Jak neprop\u00e1snout pol\u00e1rn\u00ed z\u00e1\u0159i? <\/td><td data-cell-id=\"C2\" data-x=\"2\" data-y=\"2\" data-db-index=\"2\" class=\"\" data-cell-type=\"text\" data-original-value=\"neomezeno\" data-order=\"neomezeno\" >neomezeno <\/td><td data-cell-id=\"D2\" data-x=\"3\" data-y=\"2\" data-db-index=\"2\" class=\"\" data-cell-type=\"text\" data-original-value=\"2500 CZK (103 \u20ac)\" data-order=\"2500 CZK (103 \u20ac)\" >2500 CZK (103 \u20ac) <\/td><\/tr><tr style=\"height:px\" ><td data-cell-id=\"A3\" data-x=\"0\" data-y=\"3\" data-db-index=\"3\" class=\"\" data-cell-type=\"text\" data-original-value=\"&lt;a href=&quot;https:\/\/www.facebook.com\/share\/19uipU2zPR\/&quot; target=&quot;_self&quot;&gt;13. - 20. b\u0159ezna 2026&lt;\/a&gt;\" data-order=\"&lt;a href=&quot;https:\/\/www.facebook.com\/share\/19uipU2zPR\/&quot; target=&quot;_self&quot;&gt;13. - 20. b\u0159ezna 2026&lt;\/a&gt;\" ><a href=\"https:\/\/www.facebook.com\/share\/19uipU2zPR\/\" target=\"_self\">13. - 20. b\u0159ezna 2026<\/a><\/td><td data-cell-id=\"B3\" data-x=\"1\" data-y=\"3\" data-db-index=\"3\" class=\"\" data-cell-type=\"text\" data-original-value=\"Pol\u00e1rn\u00ed z\u00e1\u0159e ve \u0160v\u00e9dsku\" data-order=\"Pol\u00e1rn\u00ed z\u00e1\u0159e ve \u0160v\u00e9dsku\" >Pol\u00e1rn\u00ed z\u00e1\u0159e ve \u0160v\u00e9dsku <\/td><td data-cell-id=\"C3\" data-x=\"2\" data-y=\"3\" data-db-index=\"3\" class=\"\" data-cell-type=\"text\" data-original-value=\"2 m\u00edsta\" data-order=\"2 m\u00edsta\" >2 m\u00edsta <\/td><td data-cell-id=\"D3\" data-x=\"3\" data-y=\"3\" data-db-index=\"3\" class=\"\" data-cell-type=\"text\" data-original-value=\"39200 CZK (1620 \u20ac)\" data-order=\"39200 CZK (1620 \u20ac)\" >39200 CZK (1620 \u20ac) <\/td><\/tr><tr style=\"height:px\" ><td data-cell-id=\"A4\" data-x=\"0\" data-y=\"4\" data-db-index=\"4\" class=\"\" data-cell-type=\"text\" data-original-value=\"&lt;a href=&quot;https:\/\/www.fotoskoda.cz\/jak-nepropasnout-a-vyfotit-polarni-zari\/&quot; target=&quot;_blank&quot;&gt;27. \u2013 28. b\u0159ezna 2026&lt;\/a&gt;\" data-order=\"&lt;a href=&quot;https:\/\/www.fotoskoda.cz\/jak-nepropasnout-a-vyfotit-polarni-zari\/&quot; target=&quot;_blank&quot;&gt;27. \u2013 28. b\u0159ezna 2026&lt;\/a&gt;\" ><a href=\"https:\/\/www.fotoskoda.cz\/jak-nepropasnout-a-vyfotit-polarni-zari\/\" target=\"_blank\">27. \u2013 28. b\u0159ezna 2026<\/a><\/td><td data-cell-id=\"B4\" data-x=\"1\" data-y=\"4\" data-db-index=\"4\" class=\"\" data-cell-type=\"text\" data-original-value=\"Online workshop Foto\u0161koda \/ Jak p\u0159edpov\u011bd\u011bt a fotit pol\u00e1rn\u00ed z\u00e1\u0159i\" data-order=\"Online workshop Foto\u0161koda \/ Jak p\u0159edpov\u011bd\u011bt a fotit pol\u00e1rn\u00ed z\u00e1\u0159i\" >Online workshop Foto\u0161koda \/ Jak p\u0159edpov\u011bd\u011bt a fotit pol\u00e1rn\u00ed z\u00e1\u0159i <\/td><td data-cell-id=\"C4\" data-x=\"2\" data-y=\"4\" data-db-index=\"4\" class=\"\" data-cell-type=\"text\" data-original-value=\"8 m\u00edst\" data-order=\"8 m\u00edst\" >8 m\u00edst <\/td><td data-cell-id=\"D4\" data-x=\"3\" data-y=\"4\" data-db-index=\"4\" class=\"\" data-cell-type=\"text\" data-original-value=\"3990 CZK (167 \u20ac)\" data-order=\"3990 CZK (167 \u20ac)\" >3990 CZK (167 \u20ac) <\/td><\/tr><tr style=\"height:px\" ><td data-cell-id=\"A5\" data-x=\"0\" data-y=\"5\" data-db-index=\"5\" class=\"\" data-cell-type=\"text\" data-original-value=\"&lt;a href=&quot;https:\/\/www.fotoskoda.cz\/jak-fotit-zatmeni-slunce\/&quot; target=&quot;_blank&quot;&gt;23. \u010dervence 2026&lt;\/a&gt;\" data-order=\"&lt;a href=&quot;https:\/\/www.fotoskoda.cz\/jak-fotit-zatmeni-slunce\/&quot; target=&quot;_blank&quot;&gt;23. \u010dervence 2026&lt;\/a&gt;\" ><a href=\"https:\/\/www.fotoskoda.cz\/jak-fotit-zatmeni-slunce\/\" target=\"_blank\">23. \u010dervence 2026<\/a><\/td><td data-cell-id=\"B5\" data-x=\"1\" data-y=\"5\" data-db-index=\"5\" class=\"\" data-cell-type=\"text\" data-original-value=\"Online workshop Foto\u0161koda \/ Jak fotit zatm\u011bn\u00ed Slunce\" data-order=\"Online workshop Foto\u0161koda \/ Jak fotit zatm\u011bn\u00ed Slunce\" >Online workshop Foto\u0161koda \/ Jak fotit zatm\u011bn\u00ed Slunce <\/td><td data-cell-id=\"C5\" data-x=\"2\" data-y=\"5\" data-db-index=\"5\" class=\"\" data-cell-type=\"text\" data-original-value=\"20 m\u00edst\" data-order=\"20 m\u00edst\" >20 m\u00edst <\/td><td data-cell-id=\"D5\" data-x=\"3\" data-y=\"5\" data-db-index=\"5\" class=\"\" data-cell-type=\"text\" data-original-value=\"2390 CZK (99 \u20ac)\" data-order=\"2390 CZK (99 \u20ac)\" >2390 CZK (99 \u20ac) <\/td><\/tr><tr style=\"height:px\" ><td data-cell-id=\"A6\" data-x=\"0\" data-y=\"6\" data-db-index=\"6\" class=\"\" data-cell-type=\"text\" data-original-value=\"&lt;a href=&quot;https:\/\/www.fotoskoda.cz\/odhalte-tajemstvi-krajinarske-astrofotografie\/&quot; target=&quot;_blank&quot;&gt;2. \u2013 3. \u0159\u00edjna 2026&lt;\/a&gt;\" data-order=\"&lt;a href=&quot;https:\/\/www.fotoskoda.cz\/odhalte-tajemstvi-krajinarske-astrofotografie\/&quot; target=&quot;_blank&quot;&gt;2. \u2013 3. \u0159\u00edjna 2026&lt;\/a&gt;\" ><a href=\"https:\/\/www.fotoskoda.cz\/odhalte-tajemstvi-krajinarske-astrofotografie\/\" target=\"_blank\">2. \u2013 3. \u0159\u00edjna 2026<\/a><\/td><td data-cell-id=\"B6\" data-x=\"1\" data-y=\"6\" data-db-index=\"6\" class=\"\" data-cell-type=\"text\" data-original-value=\"Online workshop Foto\u0161koda \/ Astrofoto\" data-order=\"Online workshop Foto\u0161koda \/ Astrofoto\" >Online workshop Foto\u0161koda \/ Astrofoto <\/td><td data-cell-id=\"C6\" data-x=\"2\" data-y=\"6\" data-db-index=\"6\" class=\"\" data-cell-type=\"text\" data-original-value=\"3 m\u00edsta\" data-order=\"3 m\u00edsta\" >3 m\u00edsta <\/td><td data-cell-id=\"D6\" data-x=\"3\" data-y=\"6\" data-db-index=\"6\" class=\"\" data-cell-type=\"text\" data-original-value=\"3990 CZK (167 \u20ac)\" data-order=\"3990 CZK (167 \u20ac)\" >3990 CZK (167 \u20ac) <\/td><\/tr><tr style=\"height:px\" ><td data-cell-id=\"A7\" data-x=\"0\" data-y=\"7\" data-db-index=\"7\" class=\"\" data-cell-type=\"text\" data-original-value=\"&lt;a href=&quot;https:\/\/nikonskola.cz\/kurzy\/84-expedice-za-polarni-zari&quot; target=&quot;_self&quot;&gt;13. - 20. \u0159\u00edjna 2026&lt;\/a&gt;\" data-order=\"&lt;a href=&quot;https:\/\/nikonskola.cz\/kurzy\/84-expedice-za-polarni-zari&quot; target=&quot;_self&quot;&gt;13. - 20. \u0159\u00edjna 2026&lt;\/a&gt;\" ><a href=\"https:\/\/nikonskola.cz\/kurzy\/84-expedice-za-polarni-zari\" target=\"_self\">13. - 20. \u0159\u00edjna 2026<\/a><\/td><td data-cell-id=\"B7\" data-x=\"1\" data-y=\"7\" data-db-index=\"7\" class=\"\" data-cell-type=\"text\" data-original-value=\"Pol\u00e1rn\u00ed z\u00e1\u0159e ve \u0160v\u00e9dsku (Nikon)\" data-order=\"Pol\u00e1rn\u00ed z\u00e1\u0159e ve \u0160v\u00e9dsku (Nikon)\" >Pol\u00e1rn\u00ed z\u00e1\u0159e ve \u0160v\u00e9dsku (Nikon) <\/td><td data-cell-id=\"C7\" data-x=\"2\" data-y=\"7\" data-db-index=\"7\" class=\"\" data-cell-type=\"text\" data-original-value=\"5 m\u00edst\" data-order=\"5 m\u00edst\" >5 m\u00edst <\/td><td data-cell-id=\"D7\" data-x=\"3\" data-y=\"7\" data-db-index=\"7\" class=\"\" data-cell-type=\"text\" data-original-value=\"44990 CZK (1855 \u20ac)\" data-order=\"44990 CZK (1855 \u20ac)\" >44990 CZK (1855 \u20ac) <\/td><\/tr><\/tbody><\/table><!-- \/#supsystic-table-8.supsystic-table --><\/div><!-- \/.supsystic-tables-wrap --><!-- Tables Generator by Supsystic --><!-- Version:1.11.1 --><!-- http:\/\/supsystic.com\/ --><a title=\"WordPress Table\" style=\"display:none;\" href=\"https:\/\/supsystic.com\/plugins\/wordpress-data-table-plugin\/?utm_medium=love_link\" target=\"_blank\">WordPress Table<\/a><br \/>\n<strong>Co s sebou?<\/strong> Do Beskyd\/na Se\u010d digit\u00e1ln\u00ed zrcadlovka s jedn\u00edm anebo v\u00edce objektivy (hlavn\u011b sv\u011bteln\u00e9 s ohniskem mezi 10 a 24 mm, \u010di a\u017e 50 mm), pevn\u00fd stativ, kabelov\u00e1 spou\u0161\u0165, kvalitn\u00ed oble\u010den\u00ed do horsk\u00e9 podzimn\u00ed p\u0159\u00edrody, pevn\u00e1 obuv a baterka (ide\u00e1ln\u011b \u010derven\u00e9 sv\u011btlo). Pro teoretickou \u010d\u00e1st (Pardubice i Beskydy) je nutn\u00fd p\u0159enosn\u00fd po\u010d\u00edta\u010d. Je po\u017eadov\u00e1na alespo\u0148 minim\u00e1ln\u00ed znalost s programy Adobe Photoshop a Adobe Lightroom. V\u00fduka bude prob\u00edhat i v PTGui, Deep Sky Stacker a Registar. Fyzick\u00e1 n\u00e1ro\u010dnost workshopu bude lehk\u00e1. \u00da\u010dast na workshopu je vhodn\u00e1 i pro fotografy, kte\u0159\u00ed zat\u00edm nemaj\u00ed \u017e\u00e1dnou zku\u0161enost s astronomickou fotografi\u00ed a tou\u017e\u00ed proniknout do jej\u00edch taj\u016f. B\u011bhem pobytu v Beskydech je tak\u00e9 mo\u017en\u00e9 se p\u0159iu\u010dit mnoh\u00fdm zaj\u00edmavostem o no\u010dn\u00ed obloze a pozorovat n\u011bkter\u00e9 hezk\u00e9 objekty. Astrofotografie ov\u0161em bude tou hlavn\u00ed n\u00e1pln\u00ed programu. Pro bli\u017e\u0161\u00ed informace klikn\u011bte na datum dan\u00e9ho workshopu. <strong>Pakli\u017ee se na V\u00e1s nedostalo a m\u011bli byste z\u00e1jem o \u00fa\u010dast na workshopu n\u011bkdy v budoucnu, nev\u00e1hejte m\u011b <a href=\"http:\/\/www.petrhoralek.com\/?page_id=17\">kontaktovat<\/a>, zahrnu V\u00e1s do seznamu potenci\u00e1ln\u00edch z\u00e1jemc\u016f a budu V\u00e1s informovat o dal\u0161\u00edch term\u00ednech.<\/strong><\/p>\n","protected":false},"excerpt":{"rendered":"<p>English Would you like to know how my photographs are taken and processed? How to capture a meteor shower? What is the best way to capture a comet in the sky? How to get amazing solar eclipse photograph? How to correctly process nightscape with the Milky Way? Or how to be prepared for unique sky&hellip; <br \/> <a class=\"read-more\" href=\"https:\/\/www.petrhoralek.com\/?page_id=1951\">Read more<\/a><\/p>\n","protected":false},"author":1,"featured_media":5839,"parent":0,"menu_order":0,"comment_status":"closed","ping_status":"closed","template":"","meta":{"footnotes":""},"class_list":["post-1951","page","type-page","status-publish","has-post-thumbnail","hentry"],"aioseo_notices":[],"_links":{"self":[{"href":"https:\/\/www.petrhoralek.com\/index.php?rest_route=\/wp\/v2\/pages\/1951","targetHints":{"allow":["GET"]}}],"collection":[{"href":"https:\/\/www.petrhoralek.com\/index.php?rest_route=\/wp\/v2\/pages"}],"about":[{"href":"https:\/\/www.petrhoralek.com\/index.php?rest_route=\/wp\/v2\/types\/page"}],"author":[{"embeddable":true,"href":"https:\/\/www.petrhoralek.com\/index.php?rest_route=\/wp\/v2\/users\/1"}],"replies":[{"embeddable":true,"href":"https:\/\/www.petrhoralek.com\/index.php?rest_route=%2Fwp%2Fv2%2Fcomments&post=1951"}],"version-history":[{"count":11,"href":"https:\/\/www.petrhoralek.com\/index.php?rest_route=\/wp\/v2\/pages\/1951\/revisions"}],"predecessor-version":[{"id":25995,"href":"https:\/\/www.petrhoralek.com\/index.php?rest_route=\/wp\/v2\/pages\/1951\/revisions\/25995"}],"wp:featuredmedia":[{"embeddable":true,"href":"https:\/\/www.petrhoralek.com\/index.php?rest_route=\/wp\/v2\/media\/5839"}],"wp:attachment":[{"href":"https:\/\/www.petrhoralek.com\/index.php?rest_route=%2Fwp%2Fv2%2Fmedia&parent=1951"}],"curies":[{"name":"wp","href":"https:\/\/api.w.org\/{rel}","templated":true}]}}